-117 (base 15) to base 13.
-160
-101 (base 5) to base 6
-42
3e (base 15) to base 9
65
8 (base 15) to base 2
1000
Convert 2 (base 6) to base 7.
2
45 (base 6) to base 13
23
What is 31 (base 14) in base 4?
223
12 (base 7) to base 15
9
2 (base 6) to base 4
2
-2 (base 14) to base 6
-2
-11 (base 4) to base 9
-5
Convert 1 (base 2) to base 11.
1
What is -10210 (base 3) in base 16?
-66
What is 11111 (base 2) in base 7?
43
What is 2b (base 15) in base 9?
45
-3 (base 9) to base 15
-3
Convert -1 (base 5) to base 12.
-1
7 (base 10) to base 14
7
5 (base 16) to base 9
5
-2 (base 16) to base 12
-2
Convert 1110 (base 2) to base 15.
e
-22 (base 4) to base 2
-1010
Convert -4 (base 13) to base 2.
-100
Convert -100 (base 5) to base 6.
-41
76 (base 10) to base 12
64
Convert 3 (base 5) to base 14.
3
1 (base 15) to base 8
1
What is -1253 (base 6) in base 8?
-501
-23 (base 6) to base 5
-30
What is 33 (base 5) in base 10?
18
What is 3 (base 5) in base 4?
3
What is 31 (base 6) in base 14?
15
1111110 (base 2) to base 8
176
Convert 15 (base 15) to base 3.
202
What is 22 (base 3) in base 5?
13
3 (base 8) to base 5
3
Convert -33 (base 15) to base 7.
-66
What is 5d (base 14) in base 16?
53
Convert -110110 (base 2) to base 10.
-54
What is -15 (base 6) in base 7?
-14
-1 (base 5) to base 6
-1
-35 (base 6) to base 7
-32
What is -23 (base 4) in base 2?
-1011
What is -64 (base 16) in base 7?
-202
What is 4 (base 15) in base 3?
11
What is 78 (base 14) in base 15?
71
-10011 (base 2) to base 12
-17
What is 30 (base 4) in base 13?
c
What is 0 (base 5) in base 4?
0
Convert -3 (base 5) to base 3.
-10
0 (base 3) to base 8
0
7 (base 14) to base 9
7
What is 3 (base 13) in base 16?
3
Convert -101 (base 5) to base 3.
-222
What is -13 (base 5) in base 4?
-20
What is -1301 (base 5) in base 7?
-405
Convert -4 (base 11) to base 5.
-4
What is -35 (base 9) in base 14?
-24
Convert -3 (base 10) to base 14.
-3
-10 (base 3) to base 2
-11
Convert 6 (base 12) to base 11.
6
What is 70 (base 11) in base 7?
140
5 (base 13) to base 11
5
Convert -12 (base 3) to base 2.
-101
What is -3 (base 5) in base 13?
-3
What is -c (base 13) in base 6?
-20
Convert 3 (base 15) to base 3.
10
Convert 3 (base 13) to base 2.
11
-1 (base 13) to base 7
-1
What is -12 (base 5) in base 8?
-7
Convert 16 (base 16) to base 9.
24
What is 5 (base 9) in base 8?
5
Convert -2303 (base 4) to base 9.
-218
Convert -11 (base 13) to base 9.
-15
100 (base 2) to base 12
4
Convert -25 (base 6) to base 8.
-21
-10111 (base 2) to base 11
-21
What is 1 (base 3) in base 7?
1
-222 (base 3) to base 15
-1b
What is 4 (base 10) in base 3?
11
-3 (base 8) to base 16
-3
1 (base 6) to base 15
1
-17 (base 10) to base 3
-122
Convert -4 (base 8) to base 11.
-4
-5 (base 10) to base 11
-5
What is 10 (base 11) in base 12?
b
What is -4 (base 9) in base 5?
-4
4 (base 5) to base 3
11
Convert 6 (base 10) to base 13.
6
Convert 121 (base 4) to base 13.
1c
Convert -a (base 14) to base 7.
-13
Convert 2 (base 11) to base 12.
2
Convert 1010 (base 2) to base 6.
14
What is 3 (base 10) in base 9?
3
15 (base 12) to base 9
18
Convert -100000 (base 2) to base 9.
-35
Convert -5 (base 12) to base 6.
-5
What is -10 (base 2) in base 11?
-2
What is -2d (base 16) in base 13?
-36
Convert 4 (base 7) to base 9.
4
-10 (base 2) to base 14
-2
What is -1 (base 3) in base 6?
-1
Convert 2 (base 10) to base 5.
2
-4 (base 11) to base 12
-4
4 (base 14) to base 13
4
What is 37 (base 15) in base 14?
3a
Convert -1 (base 15) to base 2.
-1
What is 8 (base 15) in base 11?
8
130 (base 15) to base 16
10e
36 (base 10) to base 13
2a
What is 3 (base 15) in base 8?
3
-154 (base 7) to base 2
-1011000
What is -105 (base 12) in base 2?
-10010101
What is -5 (base 14) in base 10?
-5
Convert -102 (base 5) to base 6.
-43
-6 (base 16) to base 13
-6
Convert 1 (base 13) to base 16.
1
Convert 32 (base 4) to base 16.
e
What is -111110 (base 2) in base 14?
-46
What is -11 (base 13) in base 8?
-16
What is 110 (base 2) in base 5?
11
-9 (base 13) to base 14
-9
What is 30 (base 16) in base 12?
40
-5 (base 12) to base 13
-5
144 (base 12) to base 2
11000100
b5 (base 14) to base 7
315
What is 1 (base 11) in base 8?
1
What is 54 (base 7) in base 8?
47
-25 (base 15) to base 2
-100011
-20 (base 11) to base 6
-34
What is -1100110 (base 2) in base 6?
-250
What is 117 (base 10) in base 16?
75
What is -db (base 16) in base 6?
-1003
-2 (base 8) to base 6
-2
What is -131 (base 13) in base 7?
-416
What is 0 (base 12) in base 7?
0
-2 (base 11) to base 2
-10
Convert 2 (base 12) to base 3.
2
0 (base 12) to base 9
0
What is -a2 (base 12) in base 16?
-7a
-88 (base 10) to base 12
-74
Convert 1110 (base 3) to base 15.
29
What is 4 (base 7) in base 14?
4
What is 7 (base 13) in base 14?
7
What is 6 (base 8) in base 3?
20
What is 8 (base 12) in base 16?
8
What is 0 (base 3) in base 11?
0
-4b (base 14) to base 10
-67
What is 350 (base 10) in base 16?
15e
Convert -6 (base 8) to base 16.
-6
Convert -69 (base 10) to base 11.
-63
14 (base 11) to base 3
120
Convert -a (base 12) to base 15.
-a
What is -2 (base 3) in base 10?
-2
Convert -7 (base 8) to base 5.
-12
Convert -201 (base 3) to base 6.
-31
What is -2 (base 11) in base 3?
-2
Convert -101111101 (base 2) to base 9.
-463
What is 5 (base 6) in base 9?
5
Convert -26 (base 16) to base 3.
-1102
83 (base 9) to base 14
55
5 (base 9) to base 11
5
Convert -3 (base 6) to base 14.
-3
11 (base 5) to base 4
12
What is 2 (base 3) in base 9?
2
-21 (base 10) to base 12
-19
What is 11 (base 11) in base 14?
c
Convert -2 (base 6) to base 3.
-2
Convert -1001 (base 2) to base 14.
-9
c (base 13) to base 3
110
-3 (base 16) to base 7
-3
42 (base 8) to base 15
24
-63 (base 7) to base 5
-140
-136 (base 8) to base 13
-73
What is -170 (base 9) in base 7?
-264
What is 1 (base 3) in base 4?
1
2c (base 14) to base 5
130
Convert -5 (base 13) to base 6.
-5
Convert 54 (base 12) to base 6.
144
What is -1100 (base 2) in base 16?
-c
What is -2 (base 5) in base 16?
-2
Convert -19 (base 14) to base 13.
-1a
Convert -29 (base 11) to base 13.
-25
What is 26 (base 9) in base 13?
1b
What is -152 (base 7) in base 14?
-62
What is 4 (base 16) in base 9?
4
Convert -4 (base 15) to base 4.
-10
Convert 32 (base 4) to base 16.
e
20 (base 4) to base 9
8
Convert 22 (base 10) to base 8.
26
4 (base 10) to base 7
4
What is -3 (base 5) in base 8?
-3
13 (base 9) to base 10
12
What is 1 (base 6) in base 11?
1
Convert 10110011 (base 2) to base 6.
455
What is -1c (base 15) in base 8?
-33
What is -11 (base 9) in base 5?
-20
What is 33 (base 4) in base 2?
1111
What is -6 (base 9) in base 11?
-6
-10 (base 4) to base 6
-4
-101020 (base 3) to base 6
-1140
-10 (base 2) to base 15
-2
0 (base 15) to base 16
0
What is 9 (base 12) in base 5?
14
1020 (base 3) to base 12
29
Convert -1 (base 15) to base 11.
-1
What is 2 (base 7) in base 13?
2
-2 (base 6) to base 15
-2
Convert 2 (base 4) to base 13.
2
11100 (base 2) to base 10
28
What is 1 (base 11) in base 14?
1
What is -13 (base 10) in base 13?
-10
Convert -1 (base 6) to base 2.
-1
142 (base 10) to base 11
11a
Convert -22 (base 5) to base 7.
-15
What is 20010 (base 3) in base 13?
c9
2 (base 6) to base 7
2
-321 (base 8) to base 6
-545
5 (base 7) to base 13
5
-b (base 13) to base 4
-23
What is 4 (base 12) in base 9?
4
Convert -12 (base 4) to base 8.
-6
What is -4 (base 13) in base 2?
-100
What is 2 (base 7) in base 12?
2
Convert 30 (base 4) to base 13.
c
What is -4 (base 6) in base 8?
-4
What is 0 (base 4) in base 2?
0
-d (base 16) to base 15
-d
-51 (base 11) to base 10
-56
Convert 9 (base 15) to base 11.
9
What is 182 (base 14) in base 11?
262
What is 101110 (base 2) in base 5?
141
Convert 9 (base 13) to base 3.
100
-6 (base 14) to base 16
-6
2 (base 16) to base 14
2
What is 22 (base 3) in base 16?
8
What is -15 (base 11) in base 13?
-13
What is -13 (base 9) in base 8?
-14
148 (base 10) to base 2
10010100
-203 (base 8) to base 5
-1011
What is 1000010 (base 2) in base 12?
56
What is 413 (base 6) in base 3?
12200
Convert -361 (base 7) to base 10.
-190
What is -18 (base 11) in base 6?
-31
111011 (base 3) to base 10
355
What is 11030 (base 4) in base 3?
110022
Convert -3a (base 11) to base 6.
-111
3 (base 15) to base 6
3
-226 (base 13) to base 15
-19a
Convert 20 (base 7) to base 16.
e
Convert -44 (base 11) to base 15.
-33
